s digit of 246724391?
9
What is the millions digit of 4459477796?
9
What is the ten millions digit of 28724655?
2
What is the billions digit of 1632645575?
1
What is the hundreds digit of 72369875?
8
What is the hundred thousands digit of 346244997?
2
What is the ten millions digit of 37294993?
3
What is the hundred thousands digit of 81476333?
4
What is the hundred thousands digit of 3482607?
4
What is the hundreds digit of 2169245801?
8
What is the thousands digit of 221383103?
3
What is the tens digit of 34482691?
9
What is the thousands digit of 22448036?
8
What is the hundred millions digit of 460004426?
4
What is the ten thousands digit of 2593353788?
5
What is the tens digit of 382028922?
2
What is the hundreds digit of 94036716?
7
What is the thousands digit of 41593260?
3
What is the units digit of 2394180569?
9
What is the hundred thousands digit of 43949430?
9
What is the ten thousands digit of 2038319952?
1
What is the millions digit of 3074338877?
4
What is the hundreds digit of 591868932?
9
What is the hundreds digit of 2017058733?
7
What is the units digit of 78929447?
7
What is the ten thousands digit of 154399330?
9
What is the hundred millions digit of 1612253712?
6
What is the tens digit of 549804372?
7
What is the hundreds digit of 120253626?
6
What is the thousands digit of 408105801?
5
What is the thousands digit of 81267242?
7
What is the tens digit of 53810765?
6
What is the hundred thousands digit of 1181105905?
1
What is the hundred millions digit of 1304635144?
3
What is the tens digit of 197854745?
4
What is the millions digit of 811854865?
1
What is the thousands digit of 30741442?
1
What is the hundred millions digit of 235186479?
2
What is the thousands digit of 697710670?
0
What is the tens digit of 4510321169?
6
What is the hundred thousands digit of 244711869?
7
What is the tens digit of 86930223?
2
What is the ten thousands digit of 116601051?
0
What is the units digit of 4361729911?
1
What is the millions digit of 3282709837?
2
What is the billions digit of 1600365708?
1
What is the hundreds digit of 2321090615?
6
What is the hundreds digit of 109580516?
5
What is the hundreds digit of 62570884?
8
What is the hundreds digit of 511099005?
0
What is the tens digit of 566219655?
5
What is the tens digit of 6677414308?
0
What is the thousands digit of 2462667274?
7
What is the millions digit of 870773803?
0
What is the units digit of 84257702?
2
What is the hundreds digit of 87271001?
0
What is the hundreds digit of 91805681?
6
What is the hundreds digit of 205846605?
6
What is the thousands digit of 757490000?
0
What is the tens digit of 3378373884?
8
What is the tens digit of 224221618?
1
What is the hundred millions digit of 1188921201?
1
What is the tens digit of 85178397?
9
What is the units digit of 257889827?
7
What is the hundred millions digit of 870087678?
8
What is the millions digit of 162505195?
2
What is the units digit of 852444288?
8
What is the hundred thousands digit of 88877033?
8
What is the thousands digit of 63128438?
8
What is the millions digit of 35649198?
5
What is the thousands digit of 95545072?
5
What is the hundred millions digit of 2183222255?
1
What is the tens digit of 84526151?
5
What is the tens digit of 481122525?
2
What is the hundreds digit of 100088864?
8
What is the tens digit of 325753535?
3
What is the hundreds digit of 1747680270?
2
What is the units digit of 2476008077?
7
What is the tens digit of 1910226577?
7
What is the units digit of 8694023?
3
What is the millions digit of 326891643?
6
What is the ten thousands digit of 1177140903?
4
What is the units digit of 268385556?
6
What is the ten millions digit of 3451413877?
5
What is the hundreds digit of 202914719?
7
What is the hundred thousands digit of 52929440?
9
What is the millions digit of 147149031?
7
What is the ten thousands digit of 20480512?
8
What is the thousands digit of 37020849?
0
What is the ten thousands digit of 552187389?
8
What is the thousands digit of 84056889?
6
What is the tens digit of 95554605?
0
What is the ten thousands digit of 229588080?
8
What is the tens digit of 1725122217?
1
What is the ten millions digit of 4599158916?
9
What is the units digit of 44037743?
3
What is the hundreds digit of 1322415435?
4
What is the units digit of 4154314622?
2
What is the millions digit of 786391653?
6
What is the hundred millions digit of 826341111?
8
What is the thousands digit of 1651387277?
7
What is the hundred millions digit of 1330837390?
3
What is the units digit of 708128483?
3
What is the ten thousands digit of 415767831?
6
What is the hundred thousands digit of 406330096?
3
What is the thousands digit of 52788937?
8
What is the hundred millions digit of 473035912?
4
What is the millions digit of 175091759?
5
What is the hundred millions digit of 1130362004?
1
What is the hundred thousands digit of 191408268?
4
What is the ten thousands digit of 628476453?
7
What is the millions digit of 88312558?
8
What is the tens digit of 2666518125?
2
What is the tens digit of 25906081?
8
What is the millions digit of 620290766?
0
What is the tens digit of 30624979?
7
What is the hundreds digit of 84829331?
3
What is the units digit of 54948015?
5
What is the hundred thousands digit of 3420838197?
8
What is the hundred thousands digit of 87249943?
2
What is the hundreds digit of 133588514?
5
What is the thousands digit of 163195677?
5
What is the hundreds digit of 975016459?
4
What is the ten thousands digit of 744180972?
8
What is the millions digit of 39523393?
9
What is the units digit of 10827687?
7
What is the millions digit of 223213052?
3
What is the ten thousands digit of 40465727?
6
What is the hundred thousands digit of 3940090219?
0
What is the units digit of 81399842?
2
What is the hundred millions digit of 230019513?
2
What is the hundred thousands digit of 3150131862?
1
What is the tens digit of 224890657?
5
What is the thousands digit of 30705700?
5
What is the millions digit of 3492719687?
2
What is the millions digit of 2125723697?
5
What is the hundred thousands digit of 21046009?
0
What is the hundreds digit of 4903081702?
7
What is the hundred millions digit of 9423644176?
4
What is the thousands digit of 1370080765?
0
What is the hundred thousands digit of 229024005?
0
What is the millions digit of 25955519?
5
What is the ten millions digit of 95844884?
9
What is the hundred thousands digit of 1315066433?
0
What is the ten thousands digit of 37955675?
5
What is the units digit of 27813005?
5
What is the ten millions digit of 112790514?
1
What is the hundred thousands digit of 3432279?
4
What is the thousands digit of 272691024?
1
What is the thousands digit of 2409692783?
2
What is the units digit of 7911606369?
9
What is the ten millions digit of 41503736?
4
What is the thousands digit of 1663598009?
8
What is the hundreds digit of 48967435?
4
What is the hundred millions digit of 313584266?
3
What is the hundred thousands digit of 690666172?
6
What is the hundred thousands digit of 398284728?
2
What is the hundreds digit of 354925569?
5
What is the hundred millions digit of 473588187?
4
What is the ten thousands digit of 86802755?
0
What is the ten millions digit of 452956823?
5
What is the thousands digit of 4945310?
5
What is the ten thousands digit of 20646399?
4
What is the tens digit of 247009997?
9
What is the thousands digit of 758641024?
1
What is the ten thousands digit of 70890421?
9
What is the units digit of 1781876444?
4
What is the hundred thousands digit of 310564444?
5
What is the ten thousands digit of 659530168?
3
What is the tens digit of 1342544002?
0
What is the ten thousands digit of 586418090?
1
What is the thousands digit of 33909254?
9
What is the thousands digit of 145959717?
9
What is the billions digit of 2706531273?
2
What is the hundreds digit of 261534931?
9
What is the thousands digit of 5712608?
2
What is the tens digit of 146749324?
2
What is the thousands digit of 12365675?
5
What is the tens digit of 474864935?
3
What is the tens digit of 42733843?
4
What is the hundred millions digit of 6976918482?
9
What is the hundreds digit of 1037287311?
3
What is the billions digit of 1220924689?
1
What is the hundred thousands digit of 25793999?
7
Wh